). Let c(q) = -2 + q**2 + 1 - 2*q - q. What is the units digit of c(g)?
3
Let v = -40 + 61. What is the units digit of v?
1
Let a = 380 - 263. What is the tens digit of a?
1
Let g(y) = -4*y**2 + y. Let d be g(-1). What is the tens digit of (-1020)/(-25) - 1/d?
4
What is the tens digit of 4 + (34 - (-6)/(-2))?
3
Let y(s) = -s**3 + 11*s**2 - 3*s + 22. What is the tens digit of y(10)?
9
Suppose 0 = -p - 2*u + 10, -5*p - 25 = -5*u - 0. Suppose 4*q + 2*j + 2 = p, -j = 4*q + q - 2. What is the units digit of q?
1
Suppose -3*x + 1 = -5. What is the units digit of (-2)/4 - (-15)/x?
7
Let j(a) = a**2 + 8*a + 3. Let f be j(-8). Suppose 2 = -f*w + 17. What is the units digit of w?
5
Suppose 0 = 5*r - 2*d + 180, -3*r + 0*d - 2*d = 124. What is the tens digit of -2 + r/(-3 + 2)?
3
Suppose -v = 3*s - 259, -4*v - 400 - 60 = -5*s. What is the tens digit of s?
8
Let g(c) = c**2 - 4*c + 5. Let s be (-14)/(-4) + (-1)/2. What is the units digit of g(s)?
2
Let g(h) = 21*h - 1. What is the tens digit of g(4)?
8
Let b(r) = r**3 + 7*r**2 + 6*r + 1. What is the units digit of b(-6)?
1
Let p(t) = -t**3 + 2*t**2 + 5*t - 3. Let n be p(3). Suppose 3*z + 22 = -2*h, 8*h - n*h + 30 = 5*z. What is the units digit of (28/h)/(1/(-2))?
7
Let w(v) = v**3 - 5*v**2 - 6*v + 6. Let p be w(6). Suppose u - p*u = -75. What is the tens digit of u?
1
Let i(d) = -d**3 - 10*d**2 - 7*d - 14. What is the tens digit of i(-10)?
5
Let v(j) = -j**3 - 11*j**2 - 3*j + 15. Let u = 22 + -33. What is the tens digit of v(u)?
4
Suppose -3*z + 14 = -5*q + z, -2 = 3*q + 4*z. Let u be (-9)/q*56/6. What is the units digit of u/5 + (-4)/10?
8
Let g = 20 - 10. What is the units digit of g?
0
Let x = -15 + 25. What is the units digit of x?
0
Suppose 2*n - 2 = r, -3*r + 2*n - 4*n - 46 = 0. Let w = -11 - r. What is the units digit of w?
1
Let a(r) = 3*r + 6*r - 9 - r**2 - 2. Let z be a(8). What is the units digit of 6/(0 + z/(-4))?
8
Suppose m - 3*m + 6 = 0. Suppose -m*v + 27 = -3. What is the tens digit of v?
1
Let i = -60 - -111. What is the tens digit of i?
5
Let l = 35 - 11. Suppose -145 = -5*y + 5*n, 2*y - n = 34 + l. What is the units digit of y?
9
Suppose 0*b + 5*b = 1385. Suppose -100 + b = 3*o. Suppose r + t + o = 5*r, 40 = 2*r - 4*t. What is the tens digit of r?
1
Let l be (-1)/(-2)*(0 - 166). Let d = 127 + l. What is the tens digit of d?
4
Let y(l) = 2*l**2 - 11*l - 3. Let c(j) = 5*j**2 - 32*j - 10. Let k(x) = -3*c(x) + 8*y(x). What is the tens digit of k(-9)?
1
Let g(r) = -r**3 - 5*r**2 - 2*r - 5. Let u be g(-4). Let l = u + 32. What is the tens digit of l?
1
Let r(o) = 1. Let h(f) = -2*f + 8. Let u(p) = h(p) + 4*r(p). What is the units digit of u(-8)?
8
Suppose 5*f = -2*v + 396 + 45, 2*v = f - 93. What is the units digit of f?
9
Suppose 2*k + 3*w + 0 = 3, -2*k + 4*w = -10. Suppose -102 = -5*z - u, -2*z + 14 = -z - k*u. What is the tens digit of z?
2
Let m be (-592)/(-14) - (-4)/(-14). Suppose -3*w - 2*k + 6*k = -m, -4*w + 28 = 4*k. What is the units digit of 35/w - 1/2?
3
Let i be 4*(3 - 2) - 1. Suppose -p + 13 = i. What is the units digit of p?
0
Let j(w) = -44*w**2 - 1. Let q be j(-1). What is the tens digit of (2 + 24/(-10))*q?
1
Let s(w) = -w**3 - w**2 + 5. Let z = 0 + 5. Suppose 4*o = 4*d - 2*d - 10, 0 = z*d - 25. What is the units digit of s(o)?
5
Let j be -3*((-2)/(-3) + -2). Let f(w) = 2*w**2 - w - 4. Let m be f(j). Suppose y = 4*y - m. What is the units digit of y?
8
Let c(j) be the second derivative of 1/6*j**3 + j**2 + 0 + 4*j - 1/12*j**4. What is the units digit of c(0)?
2
Suppose 5*w - 68 - 71 = -2*l, 0 = 3*w + l - 83. What is the units digit of w?
7
Let k(w) = w**2 + 13*w. What is the tens digit of k(-15)?
3
Suppose -4*b + 5*i + 20 = -0*i, -20 = -3*b + 5*i. Suppose -15 = -3*a - b*a + 2*c, -2*a + 5*c = -10. What is the units digit of a?
5
Let v be ((-18)/(-8) + -2)*20. Suppose 15 + 45 = v*p. What is the tens digit of p?
1
Let j = -2 + 36. What is the units digit of j?
4
Suppose 4*h = -3*n - 0*n - 21, 3 = 3*n. Let q(l) = -l**3 - 6*l**2 - 7*l - 5. Let u be q(-5). Let f = u - h. What is the units digit of f?
1
Let m(n) = -n**2 + 8*n - 5. Let w be m(7). What is the units digit of (-775)/(-35) - w/14?
2
Suppose 3*s + 2 = 4*s. What is the units digit of s?
2
Let k be (-1)/(-2) - 315/(-18). Let n = -12 + k. What is the units digit of n?
6
Let r = -2 + 2. Suppose r = 4*u + u. Suppose u*z + 2*z - 16 = 0. What is the units digit of z?
8
Suppose -g + 3*k = -342, -596 = 3*g - 4*k - 1642. What is the hundreds digit of g?
3
Suppose 4 + 5 = 3*s, 4*c - 3*s - 219 = 0. What is the units digit of c?
7
Let k be 1 + 38 - 12/4. Let i = -22 + k. What is the tens digit of i?
1
Let p = -4 - -4. Suppose 2*l + l + 9 = p. What is the units digit of -1*(-1)/l*-9?
3
Suppose -5*i = -2*i - 66. Let f = 45 - i. What is the tens digit of f?
2
Let h(z) = z**2 - 12*z + 14. Let w be h(11). Let n be w - (-1)/(2/(-12)). What is the tens digit of n/6 + (-66)/(-4)?
1
Suppose -60 = -n - 4*n. Suppose -3*j = -3*s - n, -j + 0 = -5*s - 4. What is the units digit of 94/14 - j/(-14)?
7
Suppose z + 23 = -3*g + 5, -3*g + 4*z - 18 = 0. What is the units digit of (-42)/g*(1 - 0)?
7
Let y = 70 + 20. What is the units digit of y?
0
What is the units digit of (-238)/(-6) + -3 + (-10)/(-3)?
0
Let c(u) = -3*u**2 + 7*u + 7. Let f(o) = o**2 - o - 1. Let q(y) = c(y) + 4*f(y). What is the units digit of q(-3)?
3
Suppose -5*i + 2*j + 223 = -4*i, 0 = -2*i - 5*j + 464. What is the tens digit of i?
2
Suppose -5*m + 4*l + 179 = 0, -m + 40 + 3 = l. Let b = 69 - m. What is the tens digit of b?
3
Let t = 63 - 37. Let b be 18/6 + t/(-2). Let w = 21 + b. What is the tens digit of w?
1
Let a(s) = -5*s. Let q(k) = k - 1. Let n be (-1)/(-1) + 12/(-4). Let d(w) = n*q(w) - a(w). What is the units digit of d(2)?
8
Suppose 15*z = 16*z - 158. What is the tens digit of z?
5
What is the units digit of (-3 + 9)*(-2)/4*-47?
1
Let t(u) = u**2 - 1. Let g be t(1). Let w = 7 + g. What is the units digit of w?
7
Let y(i) = i**2 + 3*i - 4. What is the tens digit of y(4)?
2
Suppose 5*j = -38 + 3. Let l = 13 + j. What is the units digit of l?
6
Suppose 2*b - 4*l = -16, -4*l = 3*b - 3 - 3. Let t = b + 22. What is the units digit of t?
0
Let u(g) = -5*g - 3. Let f be u(-3). Suppose -i = 2*i - f. Suppose i*j = -8 + 76. What is the units digit of j?
7
Let v = 80 - 72. What is the units digit of v?
8
Let v = 12 - -129. What is the tens digit of v?
4
Let a(w) = w**3 - 7*w**2 - 3. Let i be a(7). Let o = i - -5. What is the units digit of o?
2
Suppose 0 = -3*s - 2*s + 155. What is the tens digit of s?
3
What is the units digit of (1 + 30/(-9))*-15?
5
Suppose -2*g + 5 = -7*g. What is the units digit of g/2 - 38/(-4)?
9
Suppose 8*t = 4*t + 112. What is the units digit of t?
8
Suppose 162 = 3*n - 2*l, -n + l = -57 + 2. What is the tens digit of n?
5
Let i(g) = g**3 - 5*g**2 - 3*g + 2. Let z be i(6). What is the units digit of 94/10 - (-12)/z?
0
Let f be 148/2*(-2)/(-4). Let r = -15 + f. Suppose -4*m + r = -2*m. What is the tens digit of m?
1
Suppose 2*g + 2 = -4*c, 0*c = 4*c + 3*g - 1. What is the tens digit of 1/((-3)/66*c)?
1
What is the units digit of 4*(-5)/((-40)/62)?
1
Let q(m) = m**3 - m**2 - m + 1. Let k(v) = -v**3 - 6*v**2 + 12*v - 11. Let z(b) = k(b) + 2*q(b). Let g be z(7). What is the units digit of 99/g + 9/12?
9
Suppose 2*c + c - 27 = 0. What is the units digit of c?
9
Suppose -n = -4*u + 443, -2*u = -2*n - 150 - 76. What is the hundreds digit of u?
1
Suppose -3*f + r + 17 = 0, -5*f - 2*r - 5 = 3*r. What is the units digit of 406/35 - f/(-10)?
2
Let p(i) = i**3 - 8*i**2 + 7*i - 1. Let r be p(7). What is the units digit of (r + (1 - -7))/1?
7
Let w(n) = 2*n**3 - n**2 + 6*n - 3. Let s be w(2). Suppose 4*r - s = 79. What is the tens digit of r?
2
Let t = 7 + -5. Suppose -t*x + 6 = -2*y, 5*x - y - 7 - 4 = 0. Suppose x*p - 1 = 3. What is the units digit of p?
2
Suppose 0 = 3*a + 9, 4*a - 2*a + 86 = 5*g. What is the units digit of g?
6
Suppose -j = -2*d + 326, 0 = d - j - 80 - 83. What is the hundreds digit of d?
1
Let b be 1/(2 + 69/(-33)). Let l = 18 + b. What is the units digit of l?
7
Let l(t) = -t**2 - 7*t - 4. Let r be l(-4). Let i = -4 + r. Suppose -2*c - 9 = -o - i*o, -24 = -3*c - 5*o. What is the units digit of c?
3
Let f(w) = -w**2 + 10*w - 8. Let c be -2 + 8 + 0 +